or of 984 and 33784.
328
Calculate the greatest common divisor of 2587 and 416.
13
Calculate the highest common divisor of 234 and 182.
26
What is the greatest common divisor of 60750 and 50?
50
What is the highest common factor of 32 and 248?
8
Calculate the highest common factor of 8771 and 98.
49
Calculate the highest common factor of 240 and 1280.
80
Calculate the greatest common factor of 2432 and 256.
128
What is the highest common divisor of 26 and 793?
13
Calculate the highest common factor of 1703 and 655.
131
Calculate the highest common factor of 944 and 32.
16
What is the highest common divisor of 19212 and 24?
12
What is the highest common factor of 315 and 99?
9
Calculate the greatest common divisor of 819 and 234.
117
Calculate the greatest common divisor of 1498 and 28.
14
Calculate the highest common factor of 49 and 140.
7
What is the greatest common divisor of 556 and 1807?
139
Calculate the highest common factor of 17 and 391.
17
What is the greatest common factor of 70 and 14?
14
What is the highest common divisor of 68 and 4148?
68
What is the highest common divisor of 138 and 1080?
6
What is the greatest common divisor of 3 and 192?
3
Calculate the highest common divisor of 74 and 5402.
74
Calculate the greatest common divisor of 4699 and 381.
127
What is the greatest common factor of 15 and 26175?
15
Calculate the greatest common factor of 369 and 6519.
123
What is the greatest common factor of 96 and 432?
48
Calculate the greatest common factor of 4 and 3532.
4
What is the greatest common factor of 28544 and 223?
223
Calculate the highest common factor of 1017 and 1130.
113
What is the greatest common factor of 24 and 1840?
8
What is the highest common divisor of 9 and 213?
3
Calculate the highest common divisor of 275 and 11.
11
Calculate the greatest common factor of 12882 and 342.
114
Calculate the highest common factor of 1640 and 2665.
205
What is the greatest common factor of 4 and 58?
2
What is the greatest common divisor of 55 and 275?
55
What is the greatest common divisor of 28 and 42?
14
What is the greatest common divisor of 68 and 51?
17
What is the highest common divisor of 48 and 24?
24
What is the greatest common factor of 208 and 7748?
52
What is the highest common divisor of 34931 and 26?
13
Calculate the highest common divisor of 2523 and 435.
87
Calculate the highest common factor of 88 and 2024.
88
Calculate the highest common divisor of 117 and 9.
9
Calculate the greatest common divisor of 1989 and 2925.
117
Calculate the greatest common factor of 1027 and 39.
13
What is the highest common divisor of 252 and 189?
63
What is the highest common factor of 10 and 235?
5
Calculate the greatest common factor of 11010 and 15.
15
Calculate the greatest common divisor of 656 and 574.
82
Calculate the highest common divisor of 12445 and 524.
131
What is the highest common factor of 636 and 52?
4
Calculate the greatest common factor of 760 and 120.
40
What is the highest common divisor of 962 and 26?
26
Calculate the greatest common divisor of 1891 and 61.
61
Calculate the greatest common divisor of 66 and 242.
22
Calculate the greatest common divisor of 496 and 304.
16
What is the greatest common factor of 44 and 187?
11
Calculate the highest common divisor of 12224 and 32.
32
Calculate the greatest common divisor of 56 and 476.
28
Calculate the greatest common divisor of 8617 and 14.
7
Calculate the highest common divisor of 30 and 114.
6
Calculate the greatest common divisor of 441 and 7.
7
What is the greatest common factor of 38 and 13452?
38
Calculate the greatest common factor of 17 and 2.
1
What is the highest common divisor of 108 and 7641?
27
Calculate the highest common divisor of 3198 and 6.
6
Calculate the highest common factor of 26 and 2899.
13
What is the greatest common divisor of 15 and 228?
3
Calculate the highest common factor of 30 and 510.
30
What is the greatest common factor of 100 and 350?
50
Calculate the highest common divisor of 1495 and 130.
65
Calculate the greatest common divisor of 48 and 656.
16
What is the highest common factor of 1711 and 29?
29
Calculate the greatest common factor of 7502 and 1936.
242
Calculate the greatest common factor of 34 and 1479.
17
What is the highest common factor of 665 and 3591?
133
Calculate the greatest common factor of 671 and 253.
11
Calculate the greatest common factor of 1813 and 2.
1
Calculate the highest common divisor of 184 and 322.
46
Calculate the highest common divisor of 3068 and 156.
52
What is the highest common factor of 4 and 17?
1
What is the greatest common divisor of 8184 and 11?
11
Calculate the highest common divisor of 19 and 1919.
19
What is the highest common factor of 76 and 190?
38
What is the greatest common divisor of 16470 and 810?
270
Calculate the greatest common divisor of 2976 and 310.
62
What is the greatest common factor of 3567 and 87?
87
Calculate the greatest common divisor of 5500 and 880.
220
What is the greatest common divisor of 423 and 351?
9
What is the greatest common divisor of 4825 and 25?
25
What is the highest common factor of 150 and 1128?
6
What is the highest common factor of 3605 and 315?
35
Calculate the highest common factor of 528 and 198.
66
What is the highest common factor of 189 and 21?
21
Calculate the highest common divisor of 1134 and 84.
42
What is the greatest common divisor of 285 and 45?
15
Calculate the highest common factor of 450 and 78.
6
Calculate the greatest common divisor of 260 and 468.
52
What is the greatest common factor of 98 and 17542?
98
Calculate the highest common factor of 2303 and 98.
49
What is the greatest common divisor of 399 and 14?
7
What is the highest common factor of 165 and 22990?
55
What is the greatest common factor of 11 and 14113?
11
What is the highest common factor of 2032 and 80?
16
Calculate the greatest common divisor of 20 and 230.
10
Calculate the greatest common divisor of 1968 and 64.
16
What is the greatest common factor of 437 and 19?
19
What is the highest common factor of 13552 and 56?
56
What is the greatest common factor of 9 and 11961?
9
What is the greatest common factor of 87 and 116?
29
Calculate the highest common divisor of 1235 and 19.
19
Calculate the highest common factor of 1292 and 476.
68
Calculate the greatest common divisor of 14 and 3570.
14
Calculate the highest common factor of 276 and 69.
69
What is the greatest common factor of 21 and 2282?
7
Calculate the greatest common factor of 110 and 880.
110
Calculate the greatest common factor of 2121 and 21.
21
What is the greatest common factor of 329 and 1081?
47
Calculate the greatest common divisor of 132 and 3234.
66
Calculate the highest common divisor of 580 and 20.
20
Calculate the greatest common divisor of 7416 and 12.
12
Calculate the greatest common factor of 92 and 138.
46
What is the highest common factor of 21 and 12?
3
Calculate the highest common factor of 212 and 4.
4
What is the highest common divisor of 341 and 352?
11
Calculate the highest common factor of 2385 and 18.
9
Calculate the greatest common divisor of 172 and 17286.
86
Calculate the greatest common factor of 44920 and 40.
40
What is the highest common divisor of 104 and 689?
13
Calculate the greatest common divisor of 3102 and 132.
66
Calculate the highest common factor of 57 and 2033.
19
Calculate the highest common divisor of 5 and 685.
5
What is the highest common divisor of 2052 and 57?
57
What is the highest common divisor of 693 and 4356?
99
What is the highest common factor of 10 and 50?
10
What is the greatest common divisor of 32253 and 39?
39
What is the highest common factor of 2448 and 24?
24
What is the greatest common factor of 147 and 42?
21
What is the greatest common divisor of 56 and 24?
8
Calculate the greatest common factor of 201 and 3283.
67
Calculate the highest common factor of 14120 and 16.
8
Calculate the highest common divisor of 156 and 42.
6
Calculate the highest common divisor of 2444 and 104.
52
Calculate the highest common factor of 486 and 6.
6
Calculate the greatest common divisor of 71 and 2272.
71
Calculate the greatest common factor of 7480 and 408.
136
Calculate the greatest common factor of 244 and 84424.
244
What is the greatest common factor o